et s(y) = 3*g(y) + 4*p(y). List the prime factors of s(d).
2
Suppose 20 = 3*o - 5*p, -2*o - 2 = 4*p - 8. Suppose 1796 = 3*i - i + 2*r, -o = -r. List the prime factors of i.
19, 47
Let d be (-6)/(-2 + -4)*4/1. Suppose 2*i + 0*k + d*k = 4, 0 = -3*i + 3*k - 3. What are the prime factors of (1/(-1))/(i + 7/(-91))?
13
Suppose 6*k - 225 = 759. Let x be k + (-2 - (3 - 4)). Let m = -16 + x. List the prime factors of m.
3, 7
What are the prime factors of -8 - (-14637)/(16 + -9)?
2083
Let x = 42 - 37. Suppose -5*a + 265 = x*n, -3*n + 0*n = -4*a - 194. Suppose -n = 2*g - 322. List the prime factors of g.
2, 3, 11
Suppose -5*v + 124292 = 3642. What are the prime factors of v?
2, 5, 19, 127
Suppose -58*a = -127*a - 193*a + 1203104. List the prime factors of a.
2, 7, 41
Let w = 18616 - 14699. What are the prime factors of w?
3917
Let s(l) = 341*l**3 - 9*l**2 + 21*l - 87. What are the prime factors of s(4)?
53, 409
Suppose 31 + 2 = -11*y. What are the prime factors of (809/(-4))/(y + 11/4)?
809
Suppose 90*r - 97*r = -23002. Suppose 3*b - r = -4*f, -2*b + 2*f + f + 2185 = 0. What are the prime factors of b?
2, 547
Let o = 49 + -49. Suppose o = 2*w - 3*p + 52 - 248, -p - 402 = -4*w. What are the prime factors of w?
101
What are the prime factors of -18828*(-3 + 42/48) - (-2)/4?
2, 5, 4001
Suppose 2*s + 2*v - 16821 = 15449, 4*s + 3*v = 64534. What are the prime factors of s?
127
Suppose 6*o + 1 - 37 = 0. Let s(d) = 16*d - 5. What are the prime factors of s(o)?
7, 13
Let n = 27994 - 17621. List the prime factors of n.
11, 23, 41
Let c(o) = -641*o**2 + 3*o - 4 + 645*o**2 + 13*o + 9*o. Let j(l) = l**3 - 4*l**2 - 2. Let z be j(3). What are the prime factors of c(z)?
5, 41
Let r(p) = 1305*p**3 + 10*p**2 - p + 18. What are the prime factors of r(3)?
2, 3, 5, 19, 31
Let q(d) = d**2 - 25*d + 69. Suppose 8*w - 10*w = -44. Let z be q(w). Suppose z*m - 187 = -4*n + 6*m, -m = -2*n + 91. List the prime factors of n.
43
Let x be -2 - 24/(-9) - 90/(-27). Suppose -534 = -x*v - 214. Let r = v + 13. List the prime factors of r.
3, 31
Let s = 35124 - 23756. List the prime factors of s.
2, 7, 29
Let z = -396 + 400. What are the prime factors of (156/(-18))/(2/(-396)*z)?
3, 11, 13
What are the prime factors of 4 - (74/(-111))/((-2)/10013)*-3?
3, 7, 53
Let u(k) = 175*k - 39. Let h be u(-11). What are the prime factors of h/(-7) + (-51)/(-119)?
281
Let m be (1 - -1)/((-19)/(-19)) + -125. Let l = 282 + m. What are the prime factors of l?
3, 53
Let q(t) = -19*t + 8. Let y be q(2). Let n(w) = -w**3 - 31*w**2 - 54*w - 101. What are the prime factors of n(y)?
619
Let v(c) = -2*c**2 - 20*c - 26. Let y be v(-8). Suppose y*j = 1242 + 2250. What are the prime factors of j?
2, 3, 97
Let b(r) = 3*r**2 - r + 4. Let f be b(2). Let u = f - -330. List the prime factors of u.
2, 43
Let i(x) = x**2 - 3*x + 6. Let n be i(7). Let c = 43 - n. Suppose c*p = -5*p + 546. What are the prime factors of p?
3, 13
Suppose 2*n + s - 2 = n, 2*s + 38 = 5*n. Suppose -3*k + 972 = n*k. Suppose -4*q = q - 5*h - 140, 5*h = 4*q - k. List the prime factors of q.
2
Let b(c) = -2*c**3 - 8*c**2 - 6*c - 5. Let s be b(-4). Suppose -3206 - 8080 = -s*a. What are the prime factors of a?
2, 3, 11
Let p = -22 - -28. Suppose 0 = -3*x - p*x. Suppose -2*q + x*q = -118. List the prime factors of q.
59
Let y be 1 - ((-188)/6)/((-4)/(-6)). Suppose 4*u + 40 = y. List the prime factors of ((-534)/(-9))/(u/3).
89
Let q = 11070 + -7705. What are the prime factors of q?
5, 673
Let t be 6 - (4 - 2/(-1)). Let f(v) = -16*v + 97. What are the prime factors of f(t)?
97
Let m(u) = 5*u**2 - 1 + 8 - 611*u + 572*u + 6. What are the prime factors of m(12)?
5, 53
Suppose 5*n - 1068 = -4*d - 1067, 3*n = -d + 2. Suppose 1184 = -3*y - 5*u + u, -2*y - 786 = u. What are the prime factors of (y + d)/((-12)/8)?
2, 131
Let v = 30709 + -1714. List the prime factors of v.
3, 5, 1933
Suppose 0 = -2*w + 997 - 237. Suppose -d + 0*d + 3*z + 86 = 0, -4*d + 3*z + w = 0. What are the prime factors of d/4 + -1 - (-18)/(-36)?
23
List the prime factors of (19 - 3)/8 + (-1 - 0 - -36155).
2, 3, 23, 131
Let l(f) = 3*f**2 + 4*f - 13. Suppose 2*n = 3*v + 9, -2*n = -4*v + 5*v - 13. What are the prime factors of l(n)?
7, 17
What are the prime factors of 30/12 + (-1227495)/(-30)?
17, 29, 83
Let l = 18 - 72. Suppose 3*d - 9 = 4*q, d + 8 = -3*q - 2. What are the prime factors of q/1 + -10*l/12?
2, 3, 7
Suppose -84 = -4*j + o, 4*o - 93 = -4*j + 11. Suppose j*i + 3297 = 29543. What are the prime factors of i?
1193
Let i(x) = 6*x**2 - 2*x + 2. Suppose -10*m + 5 = -5. Let k be i(m). List the prime factors of -8 + 6 + -3*(-184)/k.
2, 3, 5
Suppose -6*h + 11*h + 10 = 0, 2*h = 3*v - 22. Let n(m) = 315*m + 49. What are the prime factors of n(v)?
7, 277
Let l(d) = -2 - 4*d + 3 + 3*d. Let z be (2/(-2) - 2)*(6 - 4). List the prime factors of l(z).
7
Let s = 47 - -13. Let t = s + -58. What are the prime factors of (-2804)/(-26) + t + (-48)/26?
2, 3
Let u(f) = -10*f - 61. Let w be u(-5). List the prime factors of w/77 - (-3620)/7.
11, 47
Suppose -2*b = -93 - 135. Suppose -5*p = -7*p + b. Let c = p - 1. What are the prime factors of c?
2, 7
Let h be 2708 + (0 - 7 - -1 - -2). Suppose -k + 17 = m, 3*m + 2*m - 63 = -4*k. Suppose k*a = 9*a + h. What are the prime factors of a?
2, 13
Suppose -2*g + 2*z = 6, 2*g + z - 29 = -4*z. Suppose i - 1 = -5, 5*x - 7 = -g*i. What are the prime factors of x + -4 + 100 + -4?
5, 19
Suppose 52 = 4*j - 4*y, 5*j - y + 0 = 49. Suppose -j*z = -12481 - 299. List the prime factors of z.
2, 5, 71
Suppose -2072 = l + 3*l + 4*c, -4*c - 20 = 0. Let q = l + 876. List the prime factors of q.
3, 11
Let b(o) = 19*o + 80. Let h be b(-4). Let r(v) = 5*v**3 - 12*v**2 + 6*v - 12. What are the prime factors of r(h)?
2, 5, 7
What are the prime factors of (-135)/(-108) - (-113245)/44?
5, 103
What are the prime factors of 3057065/1240 + (-10)/(-16)?
2, 3, 137
Suppose 2 = 5*z - 3*t, 3*z + 0*t + t = -10. List the prime factors of (1 - -532)*(z + 3).
13, 41
Let j = -8189 + 20282. What are the prime factors of j?
3, 29, 139
Let m = -15 - -18. Suppose 2*o + 1 = -3*c, o + c + m*c = -8. Let h(w) = 2*w**3 - w**2 + 4*w - 11. What are the prime factors of h(o)?
3, 13
Let m = -157 + 160. Suppose -1007 = -4*g - w - 0*w, 0 = -3*g - m*w + 762. List the prime factors of g.
251
Let b(z) = -30*z**3 - z**2 - 4*z + 2. Suppose 3*g = 5*t - 31, -5*g = -t - t + 20. List the prime factors of b(g).
2, 3, 41
Let h(v) = v**2 + 15*v - 1. Let y be 300/(-60) + -30 + 1. What are the prime factors of h(y)?
3, 5, 43
Suppose 0 = -5*t + i - 315, 7*t = 2*t + 3*i - 305. Let z(p) = -480*p - 70. Let s be z(0). Let w = t - s. What are the prime factors of w?
2, 3
Let s be ((-33)/6)/11*-28*1. Suppose 4*l = -s - 2. What are the prime factors of (32/20)/(l/(-150))?
2, 3, 5
Let x be 0 + (-1 + 0 - -4). Let q = 3283 + -2759. List the prime factors of q/8 - x/(-6).
2, 3, 11
Suppose -453*r - 43141 = -460*r. List the prime factors of r.
6163
Let d(z) = -z**3 + 20*z**2 - 77*z - 17. Let k be d(5). Suppose 0 = -2*c - c - 6. What are the prime factors of -26*c*k/(-12)?
3, 13
Let k be (-37)/(-7) - 8/28. Suppose 1 = k*i + 4*c + 3, 3*i + c - 3 = 0. Suppose -x - 5*j + 57 = 0, x - 2*x = i*j - 72. List the prime factors of x.
2, 41
Suppose 2*q + 3 - 1 = -2*j, -2*q = 0. Suppose 16*b - 9*b = -210. Let t = j - b. List the prime factors of t.
29
Suppose 0*t + 5*t = -295. Let d = t - -133. What are the prime factors of d?
2, 37
Let k(q) = -26*q**2 + 2*q - 8. Let l be k(5). Let y = l + 1524. Suppose -28*b = -24*b - y. What are the prime factors of b?
3, 73
Let g = -37 - -9. Let b be (-7)/2*g/49. Suppose 3*a = b*x + 208, 39 = a + x - 22. What are the prime factors of a?
2, 3, 11
Let b = -943 + 5074. What are the prime factors of b?
3, 17
Suppose 0 = -4*v - 7 + 23. Let o be ((-41)/2)/((-2)/v). Suppose -o - 129 = -2*k. What are the prime factors of k?
5, 17
Suppose 86 = -2*l - 66. Let m = l - -532. What are the prime factors of m?
2, 3, 19
Let x(g) = 58*g + 37. Let f be x(12). Let w = 1129 - f. List the prime factors of w.
2, 3, 11
Let x be ((-133)/28 - 3)*-252. Suppose 1087 = 10*m - x. List the prime factors of m.
2, 19
Suppose 29 = 5*i - 21. Suppose -z = -0*l - 4*l + i, 0 = 4*l. List the prime factors of (-296)/z - (-6)/15.
2, 3, 5
Let b be (-14)/(